- 3435*q - 296. Determine i(-26).
-218
Let j(t) = 6*t**3 + 443*t**2 - 72*t + 104. What is j(-74)?
-44
Let x(g) = -g**2 + 2684*g - 989204. What is x(441)?
-41
Let f(o) = 20310*o + 82928. What is f(-4)?
1688
Let c(m) = 2*m**3 + 65*m**2 - 8*m + 536. Determine c(-33).
-289
Let u(v) = 41*v - 5836. Calculate u(143).
27
Let y(p) = 8*p**2 + 605*p + 2089. Calculate y(-72).
1
Let p(x) = -357*x**2 - 1312*x - 4. Determine p(-4).
-468
Let n(u) = -634506*u + 634509. Calculate n(1).
3
Let v(x) = -x**2 + 431*x - 30229. Determine v(83).
-1345
Let l(y) = -y**3 + 133*y**2 + 8025*y - 2364. What is l(178)?
306
Let a(r) = -516*r**2 + 4817*r - 1408. Determine a(9).
149
Let r(h) = 3857*h + 4347. Determine r(-1).
490
Let o(k) = k**2 - 140*k - 1985. What is o(-14)?
171
Let m(y) = 2*y**3 - 220*y**2 - 296. Give m(110).
-296
Let r(c) = 280*c**2 - 1554*c - 14767. Calculate r(-5).
3
Let i(m) = m**3 - 5*m**2 - 245*m + 1847. What is i(9)?
-34
Let w(q) = q**3 + 56*q**2 + 63*q + 641. Determine w(-55).
201
Let y(h) = -h**2 + 2765*h - 13812. Determine y(5).
-12
Let v(p) = -p**3 - 583*p**2 - 6482*p - 108703. Give v(-572).
-23
Let s(v) = 2*v**2 - 46248*v - 462675. Determine s(-10).
5
Let y(f) = 9*f**3 - 608*f**2 + 3230*f + 571. Determine y(6).
7
Let s(d) = -d**3 - 41*d**2 - 367*d - 533. Give s(-11).
-126
Let u(h) = 1405*h**3 - 28101*h**2 + 20*h + 6. Determine u(20).
6
Let i(q) = 2309*q + 8642. Determine i(-4).
-594
Let g(u) = 4*u**3 - 1064*u**2 - 4289*u - 8371. Calculate g(270).
-1
Let h(s) = -s**2 - 880*s - 4430. Determine h(-5).
-55
Let h(c) = -2994*c**2 - 8981*c - 17. Determine h(-3).
-20
Let v(k) = k**2 - 1948390*k + 25328926. Give v(13).
25
Let z(j) = -j**2 + 20348*j + 7244287. What is z(-350)?
-13
Let l(o) = 1699*o + 3471. Calculate l(-2).
73
Let r(h) = -57*h**3 - 631*h**2 + 18*h - 14. Calculate r(-11).
-696
Let n(o) = o**2 + 40839*o + 490034. Calculate n(-12).
110
Let t(a) = -a**3 - 361*a**2 + 106950*a + 15517. What is t(-554)?
5
Let d(z) = -z**2 - 581*z + 6974. Give d(12).
-142
Let i(c) = c**2 - 744*c - 24715. Calculate i(-32).
117
Let z(m) = 2*m**3 + m**2 - 121*m + 104. Determine z(7).
-8
Let y(h) = -32926*h - 197674. Calculate y(-6).
-118
Let p(v) = -11960*v - 777493. What is p(-65)?
-93
Let w(j) = j**2 - 160492*j + 3851220. Give w(24).
-12
Let n(s) = 491483*s + 491514. Calculate n(-1).
31
Let f(c) = -6*c**2 - 1568*c + 2858. Calculate f(-263).
228
Let o(z) = -z**3 - 7*z**2 - 6315*z + 31869. Give o(5).
-6
Let w(u) = -u**2 + 244*u - 12044. Determine w(69).
31
Let z(b) = -b**3 - 30*b**2 + 38*b + 3714. Determine z(-26).
22
Let w(p) = -3*p**3 + 90*p**2 - 334*p + 10112. What is w(30)?
92
Let j(k) = -1735*k - 46760. What is j(-27)?
85
Let j(p) = -6*p**2 + 555*p + 1100. Give j(-2).
-34
Let y(m) = -58*m**3 - 449*m**2 + 448*m + 1. Calculate y(1).
-58
Let q(v) = v**2 - 1093165*v + 20769776. What is q(19)?
2
Let i(u) = 92*u**3 + 1388*u**2 + 121*u + 64. Calculate i(-15).
49
Let i(f) = -2551*f**2 + 153061*f - 62. What is i(60)?
-2
Let b(x) = -28*x**2 + 796*x - 3337. Give b(5).
-57
Let c(t) = 566*t + 6223. Determine c(-11).
-3
Let j(i) = 460334*i - 1381002. Calculate j(3).
0
Let y(b) = 6503*b**2 + 84539*b + 32. Give y(-13).
32
Let l(w) = w**3 - 582*w**2 + 27567*w - 386. Calculate l(52).
-22
Let v(m) = -m**2 + 547*m - 72083. Calculate v(228).
649
Let b(k) = -4*k**3 + 20*k**2 + 248*k - 1423. Calculate b(6).
-79
Let z(q) = 3*q**2 - 71681*q - 215052. What is z(-3)?
18
Let c(n) = -n**3 + 235*n**2 - 8981*n + 234. Calculate c(48).
-6
Let y(o) = -o**2 + 33*o + 383. What is y(39)?
149
Let i(z) = z**3 - 23*z**2 + 130*z - 250. Give i(15).
-100
Let r(w) = 53*w**3 - 698*w**2 + 133*w - 12. What is r(13)?
196
Let h(v) = 398*v - 12012. What is h(30)?
-72
Let d(u) = -u**3 + 18*u**2 - 2911*u + 49201. Calculate d(17).
3
Let f(r) = r**3 + 175*r**2 + 480*r - 6006. Calculate f(-172).
186
Let b(r) = -26426*r + 27220. Calculate b(1).
794
Let i(a) = 42*a + 7419. Give i(-186).
-393
Let p(g) = g**2 - 1277*g + 379282. What is p(470)?
-8
Let s(y) = -y**3 - 7*y**2 - 1612*y - 12958. Determine s(-8).
2
Let w(f) = 11071*f - 265689. Give w(24).
15
Let r(l) = -l**3 + 17*l**2 + 351*l - 1475. Calculate r(4).
137
Let o(g) = 4*g**3 - 60*g**2 - 3354*g + 50306. What is o(15)?
-4
Let b(d) = d**3 - 192*d**2 + 369*d - 70846. Determine b(192).
2
Let y(w) = -80*w**2 - 440*w - 63. Determine y(-5).
137
Let l(c) = -600*c**2 + 3595*c + 102. What is l(6)?
72
Let w(y) = 3*y**3 + 1235*y**2 - 4141*y + 3726. Determine w(-415).
-9
Let u(o) = -636*o - 121521. What is u(-191)?
-45
Let a(w) = -208*w + 7141. Give a(35).
-139
Let o(k) = -1506*k + 1682. Calculate o(1).
176
Let y(s) = -3638*s - 418367. Give y(-115).
3
Let x(o) = -36*o**2 - 18411*o - 7674. Give x(-511).
-9
Let r(h) = -52593*h + 1420010. Calculate r(27).
-1
Let k(v) = 7*v**3 + 18*v**2 - 33*v + 672. Give k(-6).
6
Let v(o) = -24*o**3 - 3288*o**2 + 20*o + 2734. What is v(-137)?
-6
Let r(q) = -1082*q - 310610. Give r(-287).
-76
Let u(b) = -15665*b + 4997120. What is u(319)?
-15
Let c(o) = 9*o**3 + 23*o**2 + 20*o + 47. Give c(-3).
-49
Let y(q) = -2*q**3 + 19*q**2 + 30*q - 799. Calculate y(15).
-2824
Let g(y) = -133*y**2 - 7718*y - 219. What is g(-58)?
13
Let s(u) = -28*u**2 - 12*u + 17. Calculate s(8).
-1871
Let c(v) = 9*v**2 + 1230*v + 28803. Calculate c(-30).
3
Let d(y) = -10*y**3 + 383*y**2 + 252*y + 822. Give d(39).
3
Let s(k) = 2*k**2 + 114*k - 373. Calculate s(-56).
-485
Let b(g) = 1387*g + 310527. Determine b(-224).
-161
Let d(w) = 126*w**2 + 2207*w - 2210. Give d(1).
123
Let n(c) = 2*c**3 + 367*c**2 + 915*c + 990. What is n(-181)?
-820
Let a(j) = 515*j**2 - 56652*j + 163. Determine a(110).
-57
Let a(u) = 25103*u - 175548. Calculate a(7).
173
Let k(d) = -d**2 - 297*d + 1204498. Determine k(-1256).
-6
Let y(g) = -330*g**2 - 2312*g - 23. Give y(-7).
-9
Let r(d) = -d**2 - 226*d + 133092. Determine r(-495).
-63
Let y(k) = 834*k + 97232. Determine y(-117).
-346
Let p(x) = -660*x + 99634. Give p(151).
-26
Let c(q) = -1025*q - 5933. What is c(-6)?
217
Let d(q) = -q**2 + 1368*q + 1734400. Calculate d(-800).
0
Let r(i) = 42*i**3 - 39*i**2 + 7*i - 2. Give r(1).
8
Let h(n) = -33361*n + 967473. Calculate h(29).
4
Let r(j) = 17*j**3 - 375*j**2 - 27*j + 1022. What is r(22)?
-56
Let k(v) = -v**3 - 5*v**2 + 2166*v + 15077. Give k(-7).
13
Let w(p) = -p**2 + 108*p + 1720. Give w(122).
12
Let m(z) = -3500*z - 9732. Determine m(-3).
768
Let z(o) = -1878*o - 111433. Give z(-59).
-631
Let k(d) = -10*d**2 + 37*d - 23. Give k(5).
-88
Let j(i) = 2*i**2 - 22643*i - 385498. Determine j(-17).
11
Let p(c) = -2*c**3 + 141*c**2 - 2415*c + 14. Determine p(28).
-966
Let h(u) = 26884*u**2 - 80584*u - 216. What is h(3)?
-12
Let r(b) = 17*b**3 + 69*b**2 + 16*b + 99. Calculate r(-5).
-381
Let j(v) = 2*v**3 - 105*v**2 - 13328*v + 1. What is j(112)?
1
Let n(r) = -r**3 + 68*r**2 - 438*r - 7. Determine n(7).
-84
Let g(q) = 224*q**2 - 393*q + 136. Give g(3).
973
Let z(s) = 635039*s - 1905129. Determine z(3).
-12
Let p(d) = 449*d - 6956. What is p(19)?
1575
Let g(q) = 250*q + 316. Give g(-2).
-184
Let g(c) = 251657*c - 1006432. What is g(4)?
196
Let i(d) = -d**3 - 2721*d**2 - 12909*d + 1822433. Give i(-2716).
-3
Let i(t) = -3434*t + 37691. What is i(11)?
-83
Let b(w) = 8839*w - 406552. What is b(46)?
42
Let h(m) = -m**3 + 25*m**2 + 47*m - 118. Calculate h(28).
-1154
Let j(x) = -14*x**2 + 2158*x + 4421. Calculate j(-2).
49
Let w(t) = 76*t**2 + 5975*t + 5975. Calculate w(-1).
76
Let d(i) = 2003*i - 274417. Determine d(137).
-6
Let j(x) = -7*x**3 - 9*x**2 - 32*x + 75. What is j(3)?
-291
Let a(x) = 4*x**3 + 237*x + 1184. Calculate a(-5).
-501
Let y(m) = 251*m**3 - 8503*m**2 - 1050*m - 132. Determine y(34).
4
Let b(i) = -i**3 - 58*i**2 - 841*i + 52. Determine b(-30).
82
Let a(w) = 2*w**3 - 690*w**2 + 2024*w + 90. Calculate a(3).
6
Let i(t) = -4821*t - 4141254. What is i(-859)?
-15
Let b(v) = -2*v**2 - 17*v + 487. What is b(10)?
117
Let y(v) = -8*v**3 + 48*v**2 + 9*v - 30. What is y(6)?
24
Let q(j) = j**3 + 23*j**2 - 76*j - 1261. What is q(-24)?
-13
Let n(t) = 4*t**2 - 401*t + 750. Calculate n(98).
-132
Let t(s) = -1278*s + 8192. Give t(5).
1802
Let d(m) = 8*m**3 + 62*m**2 + 22*m + 90. Determine d(-8).
-214
Let z(l) = l**3 - 215*l**2 - 1721*l - 13939. What is z(223)?
110
Let v(q) = -810*q - 46162. Give v(-56).
-802
Let b(c) 